e (-6 - -6) + (3 - -1). Let o be ((-32)/(-48))/(u/426). Let w = o + -47. What is the tens digit of w?
2
Let q be (-94)/4*(-1 - -3). Let b = -558 - -614. Let h = q + b. What is the units digit of h?
9
Let z(u) = -33*u**2 + u + 6. Let j(i) = 31*i**2 - i - 5. Let m(t) = -4*j(t) - 6*z(t). What is the units digit of m(-3)?
6
Let t(x) = -x**3 + 20*x**2 + 32*x + 87. What is the tens digit of t(-15)?
8
Suppose -3252 = -5*m - 4*g, -m + 658 = -7*g + 4*g. Suppose 0*i - i = -2*q + m, -8 = -4*i. What is the units digit of q?
7
Let j(r) = 23*r**2 - 34*r + 1091. What is the units digit of j(20)?
1
Suppose 3*h - a - 30 = 0, a - 5*a + 30 = 3*h. Let q = h - -112. What is the hundreds digit of q?
1
Let d(g) = 2*g**3 + 141*g**2 - 96*g - 570. What is the hundreds digit of d(-68)?
0
Let b(q) = 14*q**2 - q + 4. Let v be b(2). Let z = -46 + v. Suppose -z*y = y - 533. What is the units digit of y?
1
Suppose 3*g - 4*a - 18684 = 0, -5*a + 4623 = 4*g - 20320. What is the units digit of g?
2
Suppose -5*m - 4*q = -59216, -13*m - 2*q - 23708 = -15*m. What is the units digit of m?
8
Let n(f) = -95*f + 85. Let d be n(23). What is the units digit of 4/5*d/(-21)?
0
Let b(v) = 735*v**2 + 2*v + 5. What is the units digit of b(-3)?
4
What is the units digit of 33256 + -27 - (4 + 0 - -1)?
4
Suppose -35*u = -152750 + 15410. What is the hundreds digit of u?
9
Let k = -97 + 659. Suppose -2*b + k = 2*o, -1118 = -4*o + 3*b - 5*b. Suppose 0*a + o = 4*f + 2*a, 3*f + 5*a - 198 = 0. What is the tens digit of f?
7
Let m = -167 + 170. Suppose 9*c - 6 = m. What is the units digit of c?
1
Let p = -11 - -11. Suppose p*r - 3*r + 4326 = 0. Suppose -4*x - 3*x + r = 0. What is the tens digit of x?
0
Suppose -66 = 23*x - 20. What is the tens digit of (x + 5)*(-786)/(-18)?
3
Suppose 3*o + 5*u - 35 = 0, u - 17 = -5*o + 56. Suppose -4*s + 2041 = 3*b, -10*b - 3417 = -o*b + s. What is the units digit of b?
3
Suppose -3*k = 52 + 146. Let d = -64 - k. What is the units digit of (8 + 4/8*d)*8?
2
Let p = 21083 - 4057. What is the ten thousands digit of p?
1
Suppose -w = -2*n - 24, 2*n - w + 26 = w. Let a(q) = q**3 + 12*q**2 + 10*q + 2. Let k be a(n). Let o = 53 - k. What is the tens digit of o?
4
Let t(a) = 129*a**2 - 35*a + 302. What is the ten thousands digit of t(12)?
1
Let v = -560 - -434. What is the units digit of -582*30/v - 20/35?
8
Let w be (-65)/(-3) + (-240)/144. Suppose -5*i + v + 1452 = 0, i - 306 = -25*v + w*v. What is the hundreds digit of i?
2
Let q = 28982 - 11983. What is the ten thousands digit of q?
1
Suppose -14*c = -127187 - 20982 - 138537. What is the tens digit of c?
7
Suppose 11*a - 2 = 9. What is the hundreds digit of a*(-1 + -5)*(-716)/12?
3
Suppose 4*r = 2*c + 3100, -5*c - 11543 = -4*r - 3817. Let g = -874 - c. What is the units digit of g?
8
Let f be ((-9)/((-18)/6))/((-12)/37184). What is the hundreds digit of f/(-40) - 4/10?
2
What is the hundreds digit of 5/(-6) - 14260/(-160)*(-296)/(-6)?
3
Let q = -36850 - -43196. What is the tens digit of q?
4
Suppose -5*d = 9 - 9. Suppose -4*a + 2*a + 2*t - 2 = 0, d = -5*a + 2*t - 5. What is the units digit of a - 10/(-12) - 3368/(-48)?
0
Suppose -93*j + 97*j + 5*a - 152763 = 0, -2*j + 3*a = -76343. What is the thousands digit of j?
8
Let c = 127 - -18. Let z(m) = 8*m - 2*m + 164 - c. What is the units digit of z(14)?
3
Let a = 61 + -56. Suppose a*s = -5*s + 920. Suppose -2*d - s + 446 = 0. What is the hundreds digit of d?
1
Let n(y) = 3*y**3 + 9*y**2 + 15*y - 11. Let f be n(-8). Let q = -655 - f. Suppose -4*c - 5*p + 4*p = -346, -3*p + q = 5*c. What is the units digit of c?
6
Let c = 262 - 258. Suppose 0*a + 2*a - 492 = -5*m, 0 = -c*m - 8. What is the hundreds digit of a?
2
Let l = 28261 + -19868. What is the hundreds digit of l?
3
Suppose 0 = 3*n + 14*t - 11*t - 4959, n - 2*t - 1638 = 0. Suppose -5*d = 2*z - 2102, -2*z - d + n = -438. What is the units digit of z?
1
Let i be 79/5 - -4 - 4/(-20). What is the tens digit of 924/16 - (-5)/i?
5
Let k(y) = -97*y**3 + y**2 - 7*y + 5. Let r be k(2). Let x = 1120 + r. What is the hundreds digit of x?
3
Let m = 18727 - 10174. What is the hundreds digit of m?
5
Let l(w) = -w**2 - 3*w + 14. Let p be l(2). Suppose 5*f - 1186 = -p*c, 3*c - 887 = -5*f - 0*f. What is the hundreds digit of c?
2
Let o(d) = d**2 + 3*d + 3. Let l be o(0). What is the hundreds digit of 20490/90 + 1/l?
2
Let c(y) = 2*y + 60. Let b be c(-30). Suppose b = 3*q + 6, 0*d - 3*q + 234 = 2*d. Let s = d - -80. What is the tens digit of s?
0
Suppose 5*s - w = 115 + 12, -w = -4*s + 101. Let h = s - 20. What is the units digit of h?
6
Suppose -2*l - 5*t + 20 = 0, l + 6*t = 2*t + 13. Suppose -l*u - 3*o + 1167 = 0, -3*o = 5*u - 8*o - 1175. What is the hundreds digit of u?
2
Let u(j) = -j**3 - 37*j**2 - 101*j + 98. What is the tens digit of u(-41)?
6
Suppose -c + 5*f = -12500, 3*f + 889 = 3*c - 36671. What is the thousands digit of c?
2
Let b be (-24)/(-9)*72/32. Suppose -b*l - 7 = -7*l. Suppose 183 = l*m - 76. What is the units digit of m?
7
Let f(x) be the first derivative of x**4/2 - 11*x**3/3 - 9*x**2/2 + 22*x + 50. What is the tens digit of f(8)?
7
Let y = 29 + -32. Let g be (0 - (0 - -193))*(y - -2). Suppose 2*p = -2*l + 454, -2*l - 3*p = -g - 264. What is the units digit of l?
4
Let v(u) = u**3 + 68*u**2 - 44*u + 242. What is the hundreds digit of v(-67)?
6
Let u(k) be the first derivative of k**4/4 - k**3/3 - 6*k**2 + 8. Let p be u(4). Suppose -4*w + 614 + 154 = p. What is the hundreds digit of w?
1
Suppose 0 = 14*i - 122284 - 24492. What is the ten thousands digit of i?
1
Let x(m) = 42 - 8*m + 39 - 72. Let s be x(15). Let r = s + 166. What is the tens digit of r?
5
Let s = -1150 + 3611. What is the tens digit of s?
6
Suppose 5*c - 4*b = -6669, 4*c + 7*b - 10*b = -5336. Let y = -408 - c. What is the hundreds digit of y?
9
Let j(h) = 2552*h + 1076. What is the ten thousands digit of j(8)?
2
Suppose 2*c + 196*m = 198*m + 8616, -6*c + 5*m = -25852. What is the thousands digit of c?
4
Let p(f) = 2*f**3 - 140*f**2 + 74*f + 805. What is the tens digit of p(70)?
8
Let p = -28 - -30. Let m(b) = -3*b + 4. Let l be m(2). What is the units digit of (l*2/4)/(p/(-104))?
2
What is the units digit of 25069/(5*(16/20 + 0) - 3)?
9
Let v(u) = -10249*u - 2766. What is the thousands digit of v(-2)?
7
Let d(p) = -p**3 - 11*p**2 + 37*p + 281. What is the units digit of d(-14)?
1
Suppose 3*l - 6113 = r - 33619, -5*r + 137482 = -3*l. What is the units digit of r?
4
Suppose 68892 = -2071*h + 2077*h. What is the ten thousands digit of h?
1
Let c be -12*(-770)/(-20)*(-1)/2. Let h = -13 + c. What is the tens digit of h?
1
Let m be (5/2 + -3)*212. Let f = m + 119. Suppose -4*l = 3*z - 87, 16*l - 5*z - 58 = f*l. What is the units digit of l?
1
Let t be 31/7 - 56/(-98). Let u(d) = -d**2 + 4*d + 6. Let w be u(t). What is the units digit of -8*(-1)/w - -2?
0
Suppose r - 2*t - 432 = t, -5*r - 3*t = -2196. Suppose -o - r + 1884 = -3*f, o + 4*f = 1439. What is the tens digit of o?
4
Let x be 2/(-4)*-3*(-28)/(-21). Suppose x*q + 135 = -5*m - 70, -2*q + 4*m = 214. What is the units digit of ((-7)/(q/20))/((-6)/(-297))?
6
Suppose -19*d + 155290 + 236547 = 0. What is the hundreds digit of d?
6
Suppose 2*a - 4 = -32. Let w = -48 + a. Let n = 41 - w. What is the hundreds digit of n?
1
Let n(k) be the first derivative of k**4/4 - 3*k**3 - 27*k**2/2 - 18*k - 16. What is the units digit of n(13)?
7
Suppose -11*u + 16193 = -46089. What is the units digit of u?
2
Let v(z) = -18*z. Let g(q) = -q**2 + 2*q + 43. Suppose -33*x + 48 = -27*x. Let w be g(x). What is the units digit of v(w)?
0
Let r = -265 + 264. What is the tens digit of -4 - (-337 + 3 + r)?
3
Let z(v) be the first derivative of 3*v**4/2 + 2*v**3/3 + v**2/2 - 2*v - 10. Let m be z(1). What is the tens digit of 483/6 - m/(-14)?
8
Suppose 3*i + 4*p = 104235, -7*p = 41*i - 37*i - 138985. What is the ten thousands digit of i?
3
Let k(o) = o - 16. Let n be k(6). Let m be (-828)/n + -2 + 12/10. Let h = m + -79. What is the units digit of h?
3
Let a = -106 + 61. Suppose 4*u - 4 = 8*k - 4*k, 0 = 2*k - 4*u + 8. What is the tens digit of ((-18)/a)/(k/580)?
1
Let k(y) = -596*y + 5670. What is the tens digit of k(-29)?
5
Let p(a) be the second derivative of 35*a + 29/12*a**4 + 0 + 19/2*a**2 - 4/3*a**3. What is the hundreds digi